{"id":137,"date":"2021-06-02T11:53:47","date_gmt":"2021-06-02T11:53:47","guid":{"rendered":"http:\/\/10.0.3.17\/?page_id=137"},"modified":"2021-09-29T09:02:11","modified_gmt":"2021-09-29T09:02:11","slug":"centrum-ris","status":"publish","type":"page","link":"https:\/\/www.ris-odra.pl\/?page_id=137&lang=pl","title":{"rendered":"Centrum RIS"},"content":{"rendered":"<p>G\u0142\u00f3wnym celem systemu RIS jest uczynienie z \u017ceglugi \u015br\u00f3dl\u0105dowej przejrzystego, niezawodnego, elastycznego i \u0142atwo dost\u0119pnego rodzaju transportu, kt\u00f3ry b\u0119dzie w stanie konkurowa\u0107 z innymi rodzajami przewoz\u00f3w \u0142adunku. Komisja Europejska wraz z Parlamentem Europejskim wyznaczy\u0142a cztery strategiczne korzy\u015bci, jakie ma wyznacza\u0107 RIS dla \u017ceglugi \u015br\u00f3dl\u0105dowej:<\/p>\n<ul>\n<li>konkurencyjno\u015b\u0107 \u017ceglugi \u015br\u00f3dl\u0105dowej,<\/li>\n<li>optymalizacj\u0119 wykorzystania infrastruktury,<\/li>\n<li>popraw\u0119 bezpiecze\u0144stwa,<\/li>\n<li>popraw\u0119 ochrony \u015brodowiska naturalnego.<\/li>\n<\/ul>\n<p>RIS sk\u0142ada si\u0119 z czterech podstawowych segment\u00f3w:<\/p>\n<ul>\n<li>segment sensor\u00f3w \u2013 \u017ar\u00f3d\u0142o informacji,<\/li>\n<li>segment transmisji danych,<\/li>\n<li>Centrum RIS \u2013 miejsce przetwarzania informacji,<\/li>\n<li>segment u\u017cytkownik\u00f3w RIS \u2013 adresat informacji.<\/li>\n<\/ul>\n<p>System RIS zapewnia podstawowe serwisy us\u0142ug:<\/p>\n<ul>\n<li>udost\u0119pnianie elektronicznych map nawigacyjnych dla \u017ceglugi \u015br\u00f3dl\u0105dowej (poprzez system Inland ENC- Inland Electronic Navigation Chart),<\/li>\n<li>komunikaty dla kierownik\u00f3w statk\u00f3w (NtS- Notices to Skippers),<\/li>\n<li>system kontroli ruchu statk\u00f3w (VTT-Vessel Tracking and Tracing).<\/li>\n<\/ul>\n<p><img loading=\"lazy\" decoding=\"async\" class=\"size-full wp-image-283 aligncenter\" src=\"http:\/\/10.10.50.17\/wp-content\/uploads\/2021\/09\/pic-1.png\" alt=\"\" width=\"605\" height=\"454\" srcset=\"https:\/\/www.ris-odra.pl\/wp-content\/uploads\/2021\/09\/pic-1.png 605w, https:\/\/www.ris-odra.pl\/wp-content\/uploads\/2021\/09\/pic-1-300x225.png 300w\" sizes=\"auto, (max-width: 605px) 100vw, 605px\" \/><\/p>\n","protected":false},"excerpt":{"rendered":"<p>G\u0142\u00f3wnym celem systemu RIS jest uczynienie z \u017ceglugi \u015br\u00f3dl\u0105dowej przejrzystego, niezawodnego, elastycznego i \u0142atwo dost\u0119pnego rodzaju transportu, kt\u00f3ry b\u0119dzie w stanie konkurowa\u0107 z innymi rodzajami przewoz\u00f3w \u0142adunku. Komisja Europejska wraz z Parlamentem Europejskim wyznaczy\u0142a cztery strategiczne korzy\u015bci, jakie ma wyznacza\u0107 RIS dla \u017ceglugi \u015br\u00f3dl\u0105dowej: konkurencyjno\u015b\u0107 \u017ceglugi \u015br\u00f3dl\u0105dowej, optymalizacj\u0119 wykorzystania infrastruktury, popraw\u0119 bezpiecze\u0144stwa, popraw\u0119 ochrony \u015brodowiska naturalnego. RIS sk\u0142ada si\u0119 z<\/p>\n","protected":false},"author":2,"featured_media":0,"parent":0,"menu_order":0,"comment_status":"closed","ping_status":"closed","template":"template-fullwidth.php","meta":{"ngg_post_thumbnail":0,"footnotes":""},"class_list":["post-137","page","type-page","status-publish","hentry"],"_links":{"self":[{"href":"https:\/\/www.ris-odra.pl\/index.php?rest_route=\/wp\/v2\/pages\/137","targetHints":{"allow":["GET"]}}],"collection":[{"href":"https:\/\/www.ris-odra.pl\/index.php?rest_route=\/wp\/v2\/pages"}],"about":[{"href":"https:\/\/www.ris-odra.pl\/index.php?rest_route=\/wp\/v2\/types\/page"}],"author":[{"embeddable":true,"href":"https:\/\/www.ris-odra.pl\/index.php?rest_route=\/wp\/v2\/users\/2"}],"replies":[{"embeddable":true,"href":"https:\/\/www.ris-odra.pl\/index.php?rest_route=%2Fwp%2Fv2%2Fcomments&post=137"}],"version-history":[{"count":4,"href":"https:\/\/www.ris-odra.pl\/index.php?rest_route=\/wp\/v2\/pages\/137\/revisions"}],"predecessor-version":[{"id":398,"href":"https:\/\/www.ris-odra.pl\/index.php?rest_route=\/wp\/v2\/pages\/137\/revisions\/398"}],"wp:attachment":[{"href":"https:\/\/www.ris-odra.pl\/index.php?rest_route=%2Fwp%2Fv2%2Fmedia&parent=137"}],"curies":[{"name":"wp","href":"https:\/\/api.w.org\/{rel}","templated":true}]}}